 to base 10
6229886
c1b99e (base 15) to base 14
1317920
543315452 (base 6) to base 10
9683672
What is 22120012211 (base 3) in base 11?
105703
What is 2133541 (base 6) in base 4?
121311211
Convert 2ce232 (base 15) to base 14.
4083b7
-324435514 (base 6) to base 2
-10110001101010010100110
1211001110 (base 3) to base 7
206154
30234313 (base 5) to base 8
732613
Convert 38363 (base 12) to base 14.
1dc71
What is -4ab48 (base 12) in base 5?
-11224424
Convert -2771141 (base 8) to base 9.
-1422888
What is 3323203000 (base 4) in base 12?
418314
133290 (base 11) to base 8
630634
What is -652536 (base 8) in base 3?
-102002200012
What is -1110000101100110 (base 2) in base 6?
-1123050
What is -20122001120 (base 3) in base 7?
-1052364
What is -3117650 (base 12) in base 4?
-203033333130
Convert -95d6d5 (base 14) to base 9.
-10476072
Convert 114563463 (base 7) to base 11.
404a445
What is 230a0a7 (base 12) in base 3?
110200012212201
Convert -a359 (base 16) to base 7.
-232626
What is 1010121 (base 3) in base 6?
3454
Convert -3551546 (base 7) to base 10.
-449609
What is -baf1c4 (base 16) in base 15?
-1120178
Convert -5366273 (base 9) to base 15.
-3bcc80
What is 20023320122 (base 4) in base 16?
20be1a
Convert -141355034 (base 6) to base 13.
-799630
19a68 (base 12) to base 2
1001001110110000
Convert -111022012001122 (base 3) to base 12.
-244b452
-13ab22a (base 13) to base 15
-837179
Convert -1032524 (base 7) to base 3.
-20101120022
Convert 474866 (base 9) to base 12.
119443
Convert -1019199 (base 12) to base 7.
-34456023
Convert -2201121023 (base 4) to base 13.
-1a1b84
-2402421 (base 5) to base 13
-17102
What is 1582d21 (base 14) in base 5?
10144042144
3023330210 (base 4) to base 3
1120102220102
Convert 1a047a3 (base 11) to base 4.
30323033003
What is -43412 (base 11) in base 3?
-10012111100
Convert 3323301010 (base 4) to base 16.
fbc44
Convert 1c5c8c (base 16) to base 8.
7056214
8131 (base 12) to base 6
144501
What is -59283 (base 14) in base 12?
-a58ab
-6858734 (base 11) to base 12
-4029a93
3bb2b (base 14) to base 15
2db1c
Convert -12111000120 (base 3) to base 15.
-21e8c
Convert -11321321 (base 4) to base 13.
-b015
Convert -2332153 (base 6) to base 2.
-11101100011000101
What is -12103000001 (base 4) in base 7?
-20013335
-1c1a90 (base 15) to base 8
-5170733
Convert 1267464 (base 10) to base 12.
5115a0
What is 10010110101110101 (base 2) in base 4?
102311311
-2155302 (base 7) to base 12
-109b06
Convert -102020211222 (base 3) to base 9.
-366758
-1203350 (base 6) to base 3
-10012102010
What is -21022222010111 (base 3) in base 8?
-16672427
10764536 (base 8) to base 10
2353502
What is 31435 (base 6) in base 8?
10257
Convert -204b82 (base 13) to base 6.
-24051403
-4503306 (base 9) to base 16
-24fa95
What is 1001011111000101110 (base 2) in base 10?
310830
33232002 (base 4) to base 5
4030021
-27691 (base 11) to base 15
-ba35
Convert 1544b6 (base 12) to base 6.
11415150
What is -4625110 (base 7) in base 15?
-b63e1
184214 (base 15) to base 14
2295d6
What is -10212022122212 (base 3) in base 2?
-111110101010011100010
Convert 80c4 (base 15) to base 14.
9c9a
9464 (base 16) to base 10
37988
Convert -1111a7a (base 11) to base 12.
-7a04a1
14f66 (base 16) to base 11
59567
What is 64f642 (base 16) in base 8?
31173102
523072 (base 16) to base 8
24430162
Convert 122325121 (base 7) to base 2.
11101011000111001111011
Convert 69934 (base 12) to base 15.
2bd04
What is -6c734 (base 13) in base 11?
-12652a
-198499b (base 12) to base 3
-101011022222102
What is 1034434 (base 7) in base 13?
45727
Convert 2456572 (base 8) to base 2.
10100101110101111010
Convert -6a856b (base 14) to base 15.
-4bbba6
Convert -994004 (base 12) to base 9.
-4517434
-2b9295 (base 15) to base 6
-113052422
846717 (base 9) to base 13
1482ac
What is -2022312120 (base 5) in base 15?
-561025
-202024123 (base 6) to base 15
-484036
Convert -20100201221000 (base 3) to base 9.
-6321830
What is 1333024 (base 6) in base 10?
74536
What is -130000003 (base 5) in base 13?
-18b632
133440211 (base 6) to base 4
22102021033
387800 (base 9) to base 8
713572
What is -845548 (base 9) in base 15?
-9de55
What is 237a0 (base 15) in base 5?
12104400
-4313041404 (base 5) to base 7
-140310621
What is -341154200 (base 6) in base 4?
-113232222120
Convert -225696 (base 11) to base 2.
-1010111100111010110
What is 1014040 (base 5) in base 7?
66615
Convert 10100100100101110100011 (base 2) to base 5.
2340041230
Convert -26b7ae (base 16) to base 4.
-21223132232
-4a446c (base 13) to base 14
-344b4c
What is -15352110 (base 6) in base 12?
-222636
Convert -7b5480 (base 13) to base 14.
-561d59
What is -12333002031 (base 4) in base 2?
-110111111000010001101
-2c96064 (base 13) to base 14
-1ca4475
110111000101000 (base 2) to base 7
145134
Convert 110001100100000100 (base 2) to base 7.
1503605
Convert 10011100101000001 (base 2) to base 10.
80193
-1574208 (base 9) to base 5
-211010244
Convert 10dab21 (base 14) to base 4.
132233123021
Convert 2b2cb9 (base 14) to base 4.
11233232303
-3304331 (base 6) to base 12
-7b0a7
What is 21000031110 (base 4) in base 7?
26026620
Convert 114132243 (base 5) to base 11.
337154
-101000101100011011 (base 2) to base 9
-273573
Convert -125251 (base 7) to base 11.
-16696
Convert -31036 (base 7) to base 8.
-16625
Convert -10000111010010000 (base 2) to base 14.
-1b356
7c939 (base 14) to base 9
512474
103403c (base 15) to base 7
200140062
4499190 (base 10) to base 2
10001001010011011110110
What is 47d1 (base 16) in base 4?
10133101
-24224212 (base 9) to base 12
-3b6390b
11379 (base 10) to base 7
45114
What is 2e469a (base 15) in base 7?
25026613
-48cd0 (base 16) to base 15
-5d547
What is 266bd7 (base 14) in base 7?
14155560
Convert -44606 (base 12) to base 7.
-525336
-105202 (base 12) to base 3
-111002120202
Convert -5851966 (base 10) to base 14.
-ac48d8
-202201001211 (base 3) to base 11
-25922a
-10ca6e (base 15) to base 9
-1452405
What is 6c3a2f (base 16) in base 13?
1614519
What is 96b149 (base 13) in base 5?
1401144100
163768 (base 12) to base 6
12045012
-113321301121 (base 4) to base 6
-342145001
-3005703 (base 10) to base 15
-3e58a3
What is 74750 (base 8) in base 12?
16088
-178886 (base 16) to base 13
-41ccba
261631 (base 10) to base 4
333313333
What is -111120010210 (base 3) in base 2?
-1000001001010100100
Convert 69466 (base 13) to base 4.
232312123
22300312210 (base 4) to base 12
b40a04
Convert 430042 (base 6) to base 2.
1000100011001010
2dbd03 (base 14) to base 7
16444303
Convert -4057062 (base 8) to base 5.
-233311230
-1196a (base 16) to base 4
-101211222
Convert -778a2 (base 12) to base 4.
-212230322
Convert 43222331 (base 5) to base 4.
1121221300
11000010011101011100011 (base 2) to base 10
6372067
What is 13012031 (base 4) in base 9?
43778
What is -11102020010 (base 3) in base 13?
-3073b
Convert 77133 (base 14) to base 2.
1000110011001101001
What is 98848 (base 12) in base 14?
536c0
What is -450568 (base 10) in base 14?
-ba2b6
What is -100001000111011011 (base 2) in base 11?
-92a02
Convert 62050 (base 9) to base 3.
2002001200
1333202303 (base 4) to base 15
a4bce
What is 212120002 (base 5) in base 10?
895002
Convert 33748 (base 11) to base 16.
beaf
2880200 (base 9) to base 12
646b30
102112122212121 (base 3) to base 6
335252111
Convert -231402033 (base 5) to base 9.
-1861110
What is 3359a1 (base 16) in base 10?
3365281
301021 (base 5) to base 15
2c41
What is -15714613 (base 9) in base 8?
-35776304
-130102232 (base 4) to base 6
-2252302
-52322332 (base 6) to base 11
-948669
Convert -217199 (base 12) to base 8.
-2014505
Convert -12bac1d (base 14) to base 7.
-136662636
What is -1321403 (base 6) in base 9?
-121043
Convert 2533085 (base 9) to base 16.
150eea
-100111043 (base 5) to base 8
-1402433
What is 21c0 (base 15) in base 5?
212110
Convert 8d8a78 (base 14) to base 11.
27a694a
What is 135046 (base 11) in base 2?
110011101011011111
What is 162615 (base 9) in base 16?
18815
Convert 110010101101010011101 (base 2) to base 10.
1661597
Convert -217137 (base 9) to base 8.
-375525
-3371b8 (base 13) to base 16
-128b1d
Convert 1000111000001101 (base 2) to base 5.
2130430
Convert a25715 (base 12) to base 13.
6abb4b
Convert -15345414 (base 6) to base 16.
-848f2
Convert -7258806 (base 10) to base 15.
-985b56
What is 3112412242 (base 5) in